c) = c**3 - 4*c**2 - 17*c + 28. Calculate s(6).
-2
Let y(d) = d**2 + 12*d - 25. What is y(-14)?
3
Let f(i) = i**2 + 13*i - 11. Determine f(-14).
3
Let u(d) = -2*d**2 + 16*d - 16. Give u(9).
-34
Let i(n) = 21*n + 14. Calculate i(-1).
-7
Let q(m) = m**2 - 5*m + 8. Give q(9).
44
Let n(t) = t**3 + 14*t**2 - 16*t - 376. Give n(-13).
1
Let f(i) = -i**3 + 6*i**2 + i - 9. Give f(6).
-3
Let t(i) = i**3 + 2*i**2 - i. What is t(-4)?
-28
Let n(s) = 2*s + 15. Calculate n(-7).
1
Let r(p) = p**3 - 10*p**2 - 12*p - 2. Give r(11).
-13
Let i(n) = -4*n + 50. What is i(11)?
6
Let i(o) = o**3 + 13*o**2 - 16*o - 34. Calculate i(-14).
-6
Let c(b) = -b**3 + 5*b**2 + 17*b - 7. Determine c(7).
14
Let z(s) = -s**3 - 5*s**2 - s. What is z(-5)?
5
Let s(l) = -l**3 + 2*l**2 + 3*l - 3. Determine s(2).
3
Let a(h) = 6*h - 10. Determine a(-7).
-52
Let u(p) = -15*p + 9. Determine u(1).
-6
Let g(k) = -3*k**2 + 5*k - 2. What is g(2)?
-4
Let z(j) = 8*j - 6. What is z(5)?
34
Let l(b) = 2*b**2 - 6*b + 17. What is l(6)?
53
Let r(a) = a**3 - 2*a**2 - 2*a + 6. Calculate r(0).
6
Let z(q) = q**3 + 5*q**2 - 5*q - 3. Give z(-6).
-9
Let z(i) = 2*i**2 - i + 1. Calculate z(1).
2
Let s(p) = p**2 + 10*p - 14. What is s(-12)?
10
Let x(r) = -7*r - 9. What is x(6)?
-51
Let j(s) = -s**2 + 23*s + 51. Give j(22).
73
Let y(l) = -l**2 - 10*l - 11. Calculate y(-10).
-11
Let u(l) = -l + 22. What is u(23)?
-1
Let y(u) = u**3 + 8*u**2 + 9*u + 17. Determine y(-7).
3
Let y(r) = 2*r**2 - 9*r + 3. Determine y(7).
38
Let a(n) = n**2 + 18*n - 20. What is a(-9)?
-101
Let b(u) = 2*u + 4. Calculate b(0).
4
Let p(k) = 8*k + 52. Give p(-6).
4
Let i(n) = -11*n**3 + 2*n**2 - 13*n + 12. What is i(1)?
-10
Let x(w) = -w**3 - 10*w**2 - 4*w - 33. Determine x(-10).
7
Let r(c) = 13*c + 107. Determine r(-8).
3
Let v(d) = d**2 + 10*d - 7. What is v(-10)?
-7
Let b(r) = r**2 + 6*r - 16. Give b(-11).
39
Let s(b) = b**3 + 8*b**2 + 4*b + 15. Determine s(-6).
63
Let d(m) = m**3 + 22*m**2 - 20*m + 70. Calculate d(-23).
1
Let i(k) = 2*k + 20. Calculate i(-11).
-2
Let r(j) = 3*j + 1. Give r(-8).
-23
Let x(t) = 2*t**2 + 12*t - 96. What is x(-11)?
14
Let u(p) = 34*p - 2. What is u(1)?
32
Let p(k) = k**2 + 8*k + 4. Determine p(-13).
69
Let q(n) = -2*n**3 - n**2 - 2*n - 1. Calculate q(2).
-25
Let r(b) = b**3 - 15*b**2 - b + 6. Determine r(15).
-9
Let n(p) = p**3 + p**2. What is n(3)?
36
Let g(t) = -4*t**2 + 2*t - 1. What is g(0)?
-1
Let q(u) = -4*u + 58. Calculate q(13).
6
Let l(w) = 11*w + 305. Calculate l(-28).
-3
Let n(k) = 7*k - 2. What is n(-1)?
-9
Let r(x) = x**3 - 6*x**2 + 10*x - 9. Give r(6).
51
Let p(c) = c**2 + 14*c + 16. What is p(-10)?
-24
Let q(l) = 10*l - 3. Calculate q(-2).
-23
Let r(o) = 15*o + 348. Give r(-25).
-27
Let k(f) = -5*f - 98. Determine k(-17).
-13
Let z(i) = -7*i + 3. Give z(6).
-39
Let v(q) = q**3 + 7*q**2 - 3*q - 10. Give v(-7).
11
Let p(h) = -h**3 + 6*h**2 - 9*h + 13. Determine p(4).
9
Let l(o) = -o - 11. What is l(-4)?
-7
Let g(i) = 2*i + 19. What is g(-11)?
-3
Let c(u) = -4*u**2 + 3*u + 12. Determine c(6).
-114
Let f(h) = -43*h**2 + 3*h + 3. What is f(-1)?
-43
Let y(j) = -19*j**2 + j - 3. Calculate y(-2).
-81
Let n(s) = 2*s**2 - s. Determine n(0).
0
Let t(a) = 3*a - 10. Give t(10).
20
Let q(w) = w**3 + 5*w**2 - 9*w - 9. Calculate q(-7).
-44
Let f(r) = -r**3 + 4*r**2 + 5*r - 11. Give f(5).
-11
Let j(g) = 9*g + 25. Give j(-7).
-38
Let a(t) = t**2 - 11*t + 26. Give a(5).
-4
Let m(b) = 2*b**2 + 7*b - 10. Give m(-6).
20
Let b(q) = 2*q**3 - 5*q**2 - 4*q - 3. Give b(5).
102
Let s(w) = -19*w**3 + 1. Give s(1).
-18
Let u(d) = -2*d**2 - 9*d. Calculate u(-4).
4
Let s(j) = 11*j - 61. Calculate s(5).
-6
Let b(y) = y**3 + y**2 - 6*y + 12. What is b(-4)?
-12
Let u(w) = w**2 + 5*w + 10. What is u(-5)?
10
Let a(r) = 3*r**3 + 19*r**2 + 6*r. Determine a(-6).
0
Let o(h) = -2*h - 26. What is o(-17)?
8
Let w(h) = -12*h + 175. Give w(15).
-5
Let f(p) = -p**2 + p + 17. Give f(0).
17
Let j(i) = 2*i + 4. Give j(-3).
-2
Let y(x) = -x**2 + 9*x - 16. What is y(4)?
4
Let k(q) = -q**3 - 2*q**2 + 5*q - 4. Give k(-4).
8
Let y(q) = -q**3 - 10*q**2 + 12*q - 1. Calculate y(-11).
-12
Let n(y) = 6*y - 1. Give n(6).
35
Let i(r) = r**3 - 9*r**2 - 16*r + 12. Give i(10).
-48
Let q(b) = -30*b**2 - 2*b. Determine q(-1).
-28
Let o(c) = 2*c - 1. Give o(-8).
-17
Let n(g) = 11*g - 52. Give n(6).
14
Let v(q) = 8*q + 167. Give v(-19).
15
Let f(i) = 2*i - 24. Give f(6).
-12
Let s(r) = 2*r - 5. Determine s(7).
9
Let m(v) = v**3 + 5*v**2 + v - 11. What is m(-4)?
1
Let o(k) = 7*k + 26. Determine o(-2).
12
Let h(k) = 2*k**2 + 17*k + 24. Give h(-6).
-6
Let z(i) = 43*i**2 - i + 2. Give z(1).
44
Let g(n) = n**2 + 2*n + 7. Calculate g(-3).
10
Let r(y) = y - 10. Give r(-10).
-20
Let b(m) = m**2 + m + 2. Calculate b(-1).
2
Let h(l) = -l**3 - 4*l**2 - 4*l + 6. Give h(-5).
51
Let j(a) = a**3 - 29*a**2 + a - 34. Give j(29).
-5
Let p(w) = w**3 + 6*w**2 + 11*w + 13. Calculate p(-3).
7
Let b(w) = w**3 + 4*w**2 + 5. Give b(-4).
5
Let r(d) = -2*d**3 - 37*d**2 + 18*d - 45. Determine r(-19).
-26
Let r(k) = -3*k + 4. Calculate r(3).
-5
Let s(l) = -18*l + 7. Give s(0).
7
Let b(n) = -n**2 + 13*n + 9. Give b(14).
-5
Let t(c) = 11*c**3 + 3*c**2 + 3*c + 1. Give t(-1).
-10
Let w(l) = -3*l**2 + 1. Calculate w(-1).
-2
Let a(c) = c**3 - c**2 + c + 1. Determine a(2).
7
Let s(a) = a**3 + 10*a**2 + 3*a - 52. Calculate s(-9).
2
Let d(m) = m**2 - 22*m - 12. Calculate d(28).
156
Let t(r) = r**3 - r**2 + 5. Determine t(0).
5
Let s(j) = -6*j - 6. Give s(-5).
24
Let n(a) = 31*a**2 + 4*a + 5. What is n(-2)?
121
Let b(v) = -2*v**3 - 23*v**2 - 30*v - 2. Determine b(-10).
-2
Let w(r) = r**3 - 21*r**2 - r + 11. Determine w(21).
-10
Let s(i) = -i**3 + 12*i + 13. What is s(-4)?
29
Let z(d) = -d + 10. Calculate z(7).
3
Let n(r) = -4*r + 64. What is n(16)?
0
Let u(j) = j**3 + 8*j**2 - 6. Calculate u(-8).
-6
Let o(s) = -17*s - 140. Determine o(-8).
-4
Let g(j) = j**3 - 2*j**2 + 2*j - 3. Give g(2).
1
Let z(v) = -8*v - 95. What is z(-11)?
-7
Let i(d) = d**3 - 19*d**2 + 6*d - 121. Calculate i(19).
-7
Let a(x) = x. What is a(-2)?
-2
Let s(b) = -8*b + 9. Calculate s(3).
-15
Let a(u) = -2*u + 37. Determine a(21).
-5
Let h(t) = -2*t - 7. Give h(-4).
1
Let t(a) = a**2 - 24. Calculate t(0).
-24
Let q(v) = v**3 - 10*v**2 + 5*v + 3. What is q(9)?
-33
Let f(b) = -3*b**2 - 8*b + 8. Calculate f(-4).
-8
Let a(h) = h**2 + 35*h + 69. Calculate a(-33).
3
Let f(d) = d**3 - 14*d**2 - 13*d - 31. What is f(15)?
-1
Let p(s) = s**3 - 11*s**2 + 18*s - 4. Determine p(9).
-4
Let n(b) = 3*b + 65. Determine n(-23).
-4
Let x(n) = n**3 - 16*n**2 + 2*n - 21. What is x(16)?
11
Let a(b) = -78*b**3 - b**2 - 3*b - 3. What is a(-1)?
77
Let w(t) = t**3 + 24*t**2 - 24*t + 15. What is w(-25)?
-10
Let l(b) = b**3 - 10*b**2 + 10*b - 13. What is l(9)?
-4
Let b(p) = 5*p - 25. Determine b(6).
5
Let g(t) = -t**2 + t + 2. Give g(-4).
-18
Let p(g) = g**3 - 2*g**2 - 12*g + 11. Calculate p(4).
-5
Let a(t) = t**2 - 10*t - 14. Give a(12).
10
Let w(t) = t**2 + 5*t + 14. Calculate w(-3).
8
Let m(d) = -3*d**2 + d - 2. Calculate m(4).
-46
Let z(d) = -d**3 + 14*d**2 - 12*d + 2. Calculate z(13).
15
Let a(c) = 2*c + 62. Give a(-22).
18
Let b(i) = i**2 - 20*i + 64. Give b(16).
0
Let z(v) = v**3 + 10*v**2 + 14*v + 1. Calculate z(-8).
17
Let m(b) = -2*b. Determine m(-1).
2
Let t(w) = -w**3 + 12*w**2 + 13*w - 163. Determine t(12).
-7
Let s(v) = -v**3 - 3*v**2 + 68*v - 21. Calculate s(-10).
-1
Let k(w) = w**2 - 18*w + 8. Determine k(17).
-9
Let h(n) = n**3 + 5*n**2 + 8*n + 4. Determine h(-3).
-2
Let s(k) = k**3 - k**2 - 2*k + 4. Calculate s(0).
4
Let i(q) = -q**3 + 11*q**2 - 11*q + 5. What is i(10)?
-5
Let k(a) = a - 5. Calculate k(-8).
-13
Let k(a) = -a**3 + 3*a**2 + 22*a + 39. What is k(7)?
-3
Let h(a) = -6*a + 44. What is h(-9)?
98
Let d(w) = -2*w**3 - 4*w**2 - 2*w - 4. Determine d(-3).
20
Let v(b) = -b**3 - 6*b**2 - 8*b - 13. Determine v(-6).
35
Let w(n) = -7*n + 1. Give w(-6).
43
Let b(t) = t**3 - 2*t**2 + 4*t - 14. Determine b(5).
81
Let f(r) = r**3 - 9*r - 11. Give f(-2).
-1
Let m(o) = o**3 + 6*o**2 - 5*o - 6. Determine m(-4).
46
Let z(h) = 2*h + 5. Give z(3).
11
Let f(n) = n**2 - 78*n - 415. What is f(-5)?
0
Let f(a) = -a**2 + 9*a - 12. Determine f(7).
2
Let y(q) = 2*q**2 - 43*q - 141. What is y(-3)?
6
Let p(a) = 2*a + 20. Determine p(-5).
10
Let y(d) = d**